he tens digit of i?
6
Let r(t) = 3*t**3 - 13*t**2 + 18*t - 70. What is the units digit of r(9)?
6
Suppose -7 = -4*p + 1. Let j be -1 - (-3 - -1) - p. What is the tens digit of j/((-4)/220 - 0)?
5
Suppose 0 = -3*l + 5*v + 1669, 3*l - 7*v = -6*v + 1661. What is the tens digit of l?
5
Suppose -2*o + 92 = -86. What is the units digit of o?
9
Suppose -80 = -9*o + 7*o. Suppose 4*l = 192 + o. What is the units digit of (-8)/16*l/(-1)?
9
Let b = 2099 + 177. What is the tens digit of b?
7
Suppose j + j + 8 = 0. What is the tens digit of (-6)/j - 1048/(-16)?
6
Let f = -132 - -133. What is the units digit of f?
1
Suppose -n + 16 = 2*i, -n + 7 = 3. Suppose t - 4*u + 15 - i = 0, u - 1 = 0. Let b(a) = 2*a**2 + 6*a + 1. What is the tens digit of b(t)?
2
Let d = -85 - 3. Let z = 123 + d. What is the tens digit of z?
3
What is the units digit of -145*6/(-90) + (-2)/3?
9
Let m = 32 - -3. What is the units digit of m?
5
Suppose -2*c + 11 = -11. Let s be (-86)/(-12) - 2/12. Suppose s*i - c*i = -4. What is the units digit of i?
1
Suppose 5*y + 3*r = 1405, 3*r - 700 = -2*y - 138. Let n = 398 - y. What is the units digit of n?
7
Suppose 0*y = y - 619. Suppose 3*d - 2*o = y, 9*d - 7*d - 420 = 5*o. What is the hundreds digit of d?
2
Suppose 30 = -5*s - 0*s. What is the units digit of (-10 + -4)*s/4?
1
Suppose 0 = -5*x + 3*y - 91, 2*x - 3*y + 7*y = -52. Suppose -2*p + 297 = 7*p. Let q = x + p. What is the units digit of q?
3
Suppose m + 2*m = 612. Let l = -146 + m. What is the tens digit of l?
5
Let y(i) = i**2 - 3. Let s be y(3). Let o be -50*(s + 2)/(-4). Suppose 3*z - o = -z. What is the units digit of z?
5
Let p(i) = -116*i - 574. What is the thousands digit of p(-22)?
1
Suppose a = -6*a + 1512. Suppose 0 = 2*v + 4*l - a, -3*l = -2*v - 5*l + 222. What is the units digit of v?
4
Let b(d) = -d + 10. Let y be b(6). Suppose -y*z + 0*z + 20 = 0. Suppose z*k - 60 = -20. What is the units digit of k?
8
Suppose 11*x + 46*x = 147516. What is the tens digit of x?
8
Let g(d) = 17*d**2 - 2*d + 40. What is the units digit of g(8)?
2
Let k(u) = u**2 - 7*u**2 + 4*u**2 + 3*u**2. Let w be k(-3). Suppose -19 = -5*z - 3*i - 4, z = -3*i - w. What is the units digit of z?
6
Let x = 30 - 25. Suppose -4*a = -x*a + 20. What is the tens digit of a?
2
Let y(v) = v + 2. Let b be y(0). Let c be (16/20)/(4/230). Suppose g = 6*g - 3*q - 119, -b*g + c = -2*q. What is the tens digit of g?
2
Let s = 20 - 74. Let w be (230/(-6))/(6/s). What is the tens digit of (-6)/(-8) + w/20?
1
Let s(m) = 2 - 3 - m**3 + 4*m**2 + 8 + 17*m + 8*m**2. What is the tens digit of s(13)?
5
Suppose 3*x - 2*q - 90 = 875, -5*q + 25 = 0. What is the units digit of x?
5
Suppose 0 = 5*x + 3*a - 152, 5*a = 5*x + 3 - 163. Let d = 17 - x. What is the units digit of (-86)/(-4) + 7/d?
1
What is the hundreds digit of 184 + (8 - -7) + 1*-5?
1
Suppose -6 + 2 = z - b, 0 = -5*z - 4*b - 11. What is the tens digit of (z/(-3)*11)/1?
1
Let w(h) = 2*h**3 + 21*h**2 + 17*h + 14. What is the tens digit of w(-9)?
0
Let z = -225 + 143. Let u = -19 - z. What is the units digit of u?
3
Let w = -42 + 130. Let x = -25 + w. What is the tens digit of x?
6
Suppose 48*w = 3*z + 51*w - 9606, -5*w + 3210 = z. What is the thousands digit of z?
3
Let b = -13 - -13. Suppose b = 10*y - 4*y - 156. What is the units digit of y?
6
Let h(w) be the first derivative of 25*w**3/3 + w**2 + w - 25. What is the tens digit of h(2)?
0
Suppose 5*j = -5*r + 105, 5*j - 2*r - 132 = 2*r. What is the tens digit of j?
2
Let t be -4 - (303/(-3) + 3). Suppose -2*z = -o + t, 4*z - 5*z + 5*o - 65 = 0. Let k = z + 78. What is the units digit of k?
3
Suppose 20*n - 5002 - 10458 = 0. What is the tens digit of n?
7
Suppose m + 4*j - 30 = 0, 13 = 3*m + 4*j - 61. Let a be (-9)/(-2) + (-11)/m. Suppose 0 = a*c + 2 - 10. What is the units digit of c?
2
What is the thousands digit of 5/1 - (-1052 - -43)?
1
Let s = 6 - 6. Suppose 5*u + 2*o + 178 = s, 2*u + 0*o = o - 73. What is the units digit of u/(-8)*78/9?
9
Suppose -f + 5*b + 2866 = 0, 5*f + b = 3*b + 14353. What is the units digit of f?
1
Suppose -5*m + m - 708 = -2*o, 3*o + 4*m - 1052 = 0. What is the units digit of o?
2
Let p(s) = -s + 23. Let c be p(7). Suppose 18*n = c*n + 302. What is the tens digit of n?
5
Suppose 5*s + 0 + 20 = 0. What is the tens digit of 2/s + (-1057)/(-14)?
7
Let c = 227 - 223. Let p(q) be the second derivative of -q**5/20 + q**4/2 - q**3/2 - 2*q**2 - q. What is the tens digit of p(c)?
1
Let m(s) = -22*s + 3. Let v be m(-1). Suppose 157 = 3*r + f, 5*f = -0*f - v. Suppose r = 2*k - 20. What is the tens digit of k?
3
What is the thousands digit of 0 + -3 - (-13 + 8886/(-2))?
4
Suppose 3*j + 92 = 14. Let q = 42 + -90. Let p = j - q. What is the tens digit of p?
2
Suppose -215 = -b - 4*b. Let v = b - -1. What is the tens digit of v?
4
Let p = 13 - 8. Suppose 20 = p*n - 5. Suppose n*k + 2*r - 141 = 0, 2*k + 4*r - 137 = -3*k. What is the tens digit of k?
2
Let d = -51 + 45. What is the tens digit of (-60)/(-9)*(-81)/d?
9
Let c(g) = -6*g**3 - 12*g**2 - 5*g + 11. What is the tens digit of c(-7)?
1
Let b(w) = -3*w - 10. Let p(d) = -2*d - 11. Suppose -l - 5 = 0, 5*f + 4*l = 2*f - 8. Let t(q) = f*b(q) - 3*p(q). What is the units digit of t(-7)?
5
What is the units digit of 73151/169 + (-4)/(-26)?
3
Let x = -3924 + 5630. What is the units digit of x?
6
What is the hundreds digit of ((-5)/(20/908))/(-1)?
2
Suppose 0 = -3*w + 5*i - 424, 4*w + w - i = -714. Let r = w - -225. Suppose -5*v - 2 = -r. What is the units digit of v?
6
What is the tens digit of 2204 + (-17 + 8 - -8)?
0
Suppose 3*n + 4*s - 16 = 0, -2*s - 6 + 20 = 2*n. Let r be 188/36 + -5 + 16/9. What is the units digit of r/n*-2*-60?
0
Let j(c) = 60*c. Let u be j(1). Suppose -3*f - 4*z + 51 = 15, 0 = -5*f - 2*z + u. What is the units digit of f?
2
Let a(o) = 2*o + 14. Let f be a(-5). Suppose -2*b - 2*i = -7*b + 1069, -f*i = 3*b - 631. What is the hundreds digit of b?
2
Suppose -4*t - 2*p + 7*p + 667 = 0, 4*p - 676 = -4*t. What is the tens digit of t?
6
Suppose 0 + 4 = h. Suppose l + h = i + i, -l + 11 = 3*i. Suppose -i*k + 243 = 48. What is the units digit of k?
5
What is the hundreds digit of (-6)/27 + (121000/36)/5?
6
Suppose 3*m + 0*f + 18 = -5*f, -5*f = -5*m - 30. What is the units digit of 9/m*384/(-18)?
2
Let p(g) = -g**2 - 10*g - 4. Suppose 2*v = -4*k + 10, 0 = -5*v + 3*k + 7 - 47. Let o be p(v). Let h = 29 - o. What is the units digit of h?
8
What is the thousands digit of (-3)/(-27)*291*3*14?
1
Suppose -l + 61 = -0*l. What is the units digit of l?
1
Suppose 10*a + 16 = 76. Suppose 3*n = 2*j + a*n - 265, -3*n + 521 = 4*j. What is the hundreds digit of j?
1
Let l(x) = 180*x - 196. What is the units digit of l(12)?
4
Let p = 31 - 10. Suppose -p + 9 = 3*k. What is the units digit of 1/(-2)*1*k?
2
What is the units digit of ((-1)/3)/(761002/(-76098) + 10)?
3
Let l(u) = 16*u - 22. What is the tens digit of l(18)?
6
Suppose -4*n + 103 = 5*j, 3*n + 91 = 6*n + j. What is the units digit of n/6*(-12)/(-8)?
8
Let q = -195 + 658. What is the tens digit of q?
6
Let c(t) = -t**2 + 2. Let z be (-1 + 3 + 0)*2. Let p be c(z). What is the tens digit of (-228)/p - 16/56?
1
Suppose 4*f - 42 - 294 = -2*u, u + f = 173. What is the tens digit of u?
7
Let t be 2/(-5) - (-1)/(-10)*-244. What is the units digit of (-2)/(t/(-33)) + 2/8?
3
What is the hundreds digit of (-48)/12 - 527/(-1)*1?
5
Let x = 2868 - 2011. What is the units digit of x?
7
Let p = 23 + -25. What is the tens digit of (144/(-8))/(p/11)?
9
Let x(h) = 10*h**3 - 2*h + 2. Let w be x(1). What is the units digit of 5472/30 + -5 - 4/w?
7
Suppose 0 = -5*y + 25, 4*v + 161 - 1435 = -2*y. Suppose 2*i + 42 = n, 4*n - v = -4*i - 100. What is the units digit of n?
0
What is the thousands digit of 8 + (2936 - (-1 + -10))?
2
Let a be (-52)/12 - -5 - 8/3. What is the units digit of 23 - 17 - (-1 - a)?
5
Suppose -4*q + 4*b = 160, -3*q = -b + 5*b + 92. Let s = 50 + q. What is the tens digit of ((-329)/s)/(3/(-6))?
4
Let y(s) = -s - 10. Let k be y(-5). Let u(r) = -r**3 - 5*r**2 + 2*r. Let h be u(k). Let l(j) = -3*j - 6. What is the units digit of l(h)?
4
Let l be (66 - -1) + 17 + -18. Suppose 0 = -4*d - w - l, -2*d - 47 = d + 2*w. Let x = 35 - d. What is the tens digit of x?
5
Let p be (-212)/(-44) + (-8)/(-44). Suppose -y - 30 